2 + 5*y + 2*y**2 - 3. Determine x(k).
-5
Let n(v) = -13*v**3 + 3*v**2 - 5*v - 3. Let m be ((-4)/(-6))/(18/(-297)). Let j(u) = -7*u**3 + 2*u**2 - 3*u - 1. Let d(r) = m*j(r) + 6*n(r). What is d(-5)?
3
Let g(j) = -j**2 - 6*j + 4. Let k be g(-7). Let d(y) = y**3 + y**2 + y + 1. Let n(f) = 2*f**3 + f**2 + 3*f + 5. Let u(t) = -3*d(t) + n(t). Determine u(k).
11
Suppose 0 = -0*q - 2*q + 22. Suppose -11 = -3*k + 3*j - 8*j, q = 5*k + j. Let m(i) = -i**3 + i**2 - 2*i + 2. What is m(k)?
-6
Suppose -10 = -5*r - 45. Let u = -10 - r. Let y(q) be the third derivative of q**4/24 - 14*q**2. Calculate y(u).
-3
Let d(n) = -5*n**3 + 3*n - 13. Let p(c) = -9*c**3 + c**2 + 6*c - 25. Let l(j) = -11*d(j) + 6*p(j). Suppose 2*v = -146 + 136. Give l(v).
3
Let k be 0/3 - (-1 + 1). Suppose k*c + 4 = 4*c. Let m = c + -1. Let u(t) = t**3 - t**2 - t + 2. Calculate u(m).
2
Let c(g) = 0 - 3*g**2 + 15 + g**2 - 3*g + 4*g**2. Let r(n) = 3*n**2 - 4*n + 16. Let m(s) = -4*c(s) + 3*r(s). What is m(0)?
-12
Let y(t) = -4*t**3 - t + 1. Let z be y(1). Let q(f) be the second derivative of -f**3/3 - 5*f**2/2 - 141*f. Calculate q(z).
3
Let g(w) be the third derivative of w**5/60 + w**4/6 - w**3 - 16*w**2. Determine g(-6).
6
Let a(j) = 3*j - 10. Let t be a(4). Let p(v) = 6 - t - 6 + 2*v. What is p(3)?
4
Let r(u) = -2*u - u**2 + 2*u + 2*u**2. Let c be r(-1). Let s(m) = -35*m**2 - 5*m - 8. Let i(k) = -23*k**2 - 3*k - 5. Let p(q) = -8*i(q) + 5*s(q). What is p(c)?
8
Suppose -4*i = 12, -2*j + 2*i + 18 = -0*j. Let m(u) be the third derivative of -u**4/12 + u**3 - 24*u**2. Calculate m(j).
-6
Let a be 3*(-4)/(-2)*(8 - 7). Let r(d) = 3 - d + 0 + 1. Determine r(a).
-2
Let t(a) be the second derivative of -a**5/20 - 7*a**4/12 - 5*a**3/6 + 2*a**2 - 10*a. Let v = 7 + -13. Calculate t(v).
-2
Suppose 2*l - 6 = l. Let m(o) = -o + 7. Give m(l).
1
Suppose 0 = -4*n + 7*n - 42. Let i = n + -14. Let o(f) = f - 8. Calculate o(i).
-8
Let q(p) = -9*p + 2*p**2 + 7*p - 4*p**2 + 2. Calculate q(-3).
-10
Let q(a) be the second derivative of -a**3/6 + a**2/2 + a. Suppose 6*u + 16 - 40 = 0. Suppose 0 = -5*g + u*x, -g + x = -x. Determine q(g).
1
Let p(y) = -8 - 1 + y**2 - 2*y + 13. What is p(4)?
12
Let g(y) = y**3 - 5*y**2 + 3*y. Let u be g(4). Let m(p) = p - 1. Let b(r) = -2*r + 1. Let z(o) = 3*b(o) + 5*m(o). Calculate z(u).
2
Suppose 12 = 3*l - 15. Let g = 8 - l. Let b(v) = -8*v**3 - 3*v**2 + 2*v - 4. Let z(c) = -8*c**3 - 4*c**2 + 3*c - 5. Let o(p) = -4*b(p) + 3*z(p). Determine o(g).
-8
Let b(f) = -f + 3. Let d be b(3). Suppose d = -z + 3*z - 38. Let g = z - 13. Let r(w) = -w**2 + 8*w - 8. Give r(g).
4
Let u(i) = i + 2. Let j(n) = -3*n**2 + 3*n. Let m(o) = 3*o**2 - 1. Let k be m(1). Let x be j(k). Give u(x).
-4
Let j(r) = -4 - 8*r**2 + r**3 + 8*r - 2 + r**2. Let b(y) = -y**3 - 14*y**2 - 14*y - 7. Let h be b(-13). Calculate j(h).
6
Let c(l) be the first derivative of l**7/840 + l**6/72 - l**5/60 - l**4/8 + 4*l**3/3 + 2. Let i(h) be the third derivative of c(h). Calculate i(-5).
7
Let g(i) = -3*i - 2 + i**2 + 0*i**2 - i. Let p(x) = x**3 - 5*x**2 + 6*x - 4. Let a be ((-6)/(-4))/((-6)/(-16)). Let c be p(a). Give g(c).
-2
Let c = 17 - 20. Let l(t) = 2*t. Determine l(c).
-6
Let f be (-56)/((-2)/1) + -1. Let g be (-1 - f/(-15))*-5. Let q(w) = w**2 + 2*w**2 - 6*w - 4*w**2 - 4. Determine q(g).
4
Let n(w) be the second derivative of 1/2*w**3 - 5*w + 0 - 2*w**2 - 1/12*w**4. Give n(3).
-4
Suppose q + 4 = 4*y, 4*y - 2 = 4*q - 10. Let r(l) = l. Determine r(y).
2
Suppose -2*h + 3*f + 13 = 0, -3*f = -h + 2*f + 17. Let n = 70 - 67. Let g(t) = t**2 + 4*t - n + t**h - t. Determine g(-3).
6
Suppose -y + 3*y + 12 = 0. Let d(x) = -x**2 - 4*x - 9. Give d(y).
-21
Let f(t) = 5*t**3 + 41*t**2 - 62*t - 41. Let o(g) = -g**3 - 8*g**2 + 12*g + 8. Let s(w) = -2*f(w) - 11*o(w). Let x = 0 + -7. Give s(x).
1
Suppose 5 + 5 = -2*o. Let t(l) = 3*l**3 + 5*l**2 + l + 5. Let y(d) = -3*d - 14 - 3*d**2 - 10*d**3 - 3*d**2 - 9*d**2. Let z(n) = 7*t(n) + 2*y(n). Calculate z(o).
2
Suppose 0 = 7*x - 10*x + 15. Let k be (3/x)/(1/5). Let n(v) = -v**3 + 3*v**2 + 4. Calculate n(k).
4
Let r(d) = d**3 - 4*d**2 - 5*d + 5. Suppose 0 = -2*l - 2 + 8. Let t(y) = y**3 + 2*y + 5*y**l - 2*y**3 - 1. Let o be t(1). Give r(o).
5
Suppose 3*v + 6 = 5*v. Suppose -m + v*x = -9, -m + x = m + 2. Let t(a) = a**3 + 4*a**2 + 2*a - 3. Determine t(m).
0
Let j(y) = -y**2 + y. Let w be j(0). Let u(b) be the third derivative of w + 0*b + 4/3*b**3 - 3*b**2 - 1/24*b**4. What is u(6)?
2
Let f(n) = 2*n**2 + 5*n - 2. Suppose -5*z + 7*l = 4*l - 18, 5*l = z + 14. Let j = z + -10. What is f(j)?
10
Let l(k) be the second derivative of -k**5/20 + 5*k**4/12 + k**3/2 - 3*k**2 - 3*k. Determine l(5).
9
Let w = 1 - 1. Let f(x) = -5*x + 32. Let t = 5 - 7. Let m(y) = -y + 8. Let n(i) = t*f(i) + 9*m(i). Determine n(w).
8
Let w(b) = -10*b**2 - 16*b**3 - 8*b + 5*b**2 + 17*b**3 + 7. Determine w(6).
-5
Let z(q) = -14*q**2 - 18*q - 9. Let d be (-28)/6 - (-2)/3. Let v(f) = 5*f**2 + 6*f + 3. Let o(r) = d*z(r) - 11*v(r). Determine o(-3).
-6
Let a(f) = -f**2 - 10*f - 3. Let i(j) = -4*j**2 - 41*j - 12. Let q(u) = 9*a(u) - 2*i(u). Determine q(-8).
-3
Let k be 143/55 + (-2)/(-5). Suppose 0 = 3*l - 0*l - k. Let n(c) = -7*c**2 + 2*c - 1. Calculate n(l).
-6
Let a be (-2 + 17)*(-3)/9. Let z(m) = m**2 + 6*m - 1. Calculate z(a).
-6
Let o(l) = 11*l**3 + 8*l**2 + 14*l - 3. Let m = 2 - -1. Let c(s) = 4*s**3 + 3*s**2 + 5*s - 1. Let r(u) = m*o(u) - 8*c(u). What is r(1)?
2
Suppose -4*w = 33 - 1. Let o(c) = 3*c - 13. Let r(s) = -5*s + 20. Let z(k) = w*o(k) - 5*r(k). Calculate z(-6).
-2
Let p(q) = -q - 6. Let i be p(-6). Let c(h) = -h**3 + h**2 + h - 1. Give c(i).
-1
Suppose 7*v - 4*v + 9 = 0, 3*x + 21 = -5*v. Suppose 3*m - 6*m - 6 = 0. Let t be (-2)/(m/x) + -3. Let w(l) = l**3 + 6*l**2 + 3*l - 5. What is w(t)?
5
Let f(r) = -r**2 + r. Let z(d) = 5*d**2 - 3*d + 2. Let m(v) = -6*f(v) - z(v). Let s(a) = 2*a + 1. Let n be s(1). What is m(n)?
-2
Let u(v) = -9 - 4 + 2*v**2 - 3*v**2. Calculate u(0).
-13
Let k(q) be the third derivative of -q**6/120 - 7*q**5/60 - 7*q**4/24 - 3*q**3/2 + 2*q**2. Let w(v) = 2*v + 6. Let b be w(-6). Calculate k(b).
-3
Let g be (1 - -2) + (6 - 2). Let d = g - 5. Let h(t) = t**2 + 2*t. Calculate h(d).
8
Let f(u) = -2*u. Let r(c) = 5*c + 1. Let q(j) = 7*f(j) + 3*r(j). What is q(-4)?
-1
Let i = 4 - 2. Let n(s) = -5 - 2*s + 2*s - s**i + s + s**3. Let w = -2 + 2. What is n(w)?
-5
Let i(n) = -n**2 - 12*n + 7. Let k be i(-13). Let z(r) = r + 8. Calculate z(k).
2
Let r(i) = -i**3 - i**2 + 2*i + 2. Let g be r(0). Let l(j) = -3*j - 3 + 3*j + 3*j. What is l(g)?
3
Suppose 5*c + 4*c = 45. Let u(x) = x**2 - 4*x. What is u(c)?
5
Let v be (-6 - 16)*(-2)/(-4). Let j(k) = -9*k + 5. Let b(t) = -5*t + 3. Let d(f) = v*b(f) + 6*j(f). Let g = -2 + -1. Calculate d(g).
-6
Let m = -46 - -49. Let o(n) be the first derivative of -2 + 3/2*n**2 + 0*n. Calculate o(m).
9
Let d(v) be the third derivative of v**4/12 + v**2. Suppose -3 = -2*j + 7. What is d(j)?
10
Let f(o) = -2*o - 7. Let l(u) = u + 3. Let g(i) = 2*f(i) + 5*l(i). Let h(y) = y**2 + 7*y + 6. Let p be h(-5). What is g(p)?
-3
Let q(f) = -f**2 - 7*f - 3. Let s be 3/(0 + 12/20). Suppose s*t = t - 16. Calculate q(t).
9
Let x(p) = 8*p**2 + 5*p - 3*p - 3*p + 10 + 0*p**2 - p**3. What is x(8)?
2
Let j(u) = -7*u**2 - 5*u - 3. Let y(i) = 3*i**2 + 2*i + 1. Let n(c) = 4*j(c) + 9*y(c). Give n(-3).
-6
Let u be -1*1 - (20 - 21). Let s(g) be the second derivative of -g + u + 1/3*g**3 + 0*g**2. What is s(2)?
4
Let r(n) = -2*n + 1. Let o(s) = s - 1. Let a(l) = -3*o(l) - 2*r(l). Calculate a(-8).
-7
Let v = -12 + 16. Let x be v/18 - 100/45. Let t(k) = -k**2 + k + 2. Give t(x).
-4
Let x(y) = y + 2. Let z be x(-4). Let f be (0 - 1/(-1)) + 0. Let j(s) = 3*s + 3*s**2 - f + s + 3. Calculate j(z).
6
Suppose -3*k = 2*k - 20. Suppose 2 = o + z + k, 4*z + 2 = -3*o. Let m(a) = -a**3 - 7*a**2 - 6*a + 4. Calculate m(o).
4
Suppose 0*w + 2*w - 8 = 0. Let l(y) = 0*y - 3 + w*y - y. Let o be 64/28 - (-2)/(-7). Give l(o).
3
Let w(i) = -45*i**3 - 2*i + 21*i**3 + 5 + 23*i**3 - 6*i**2 - 3*i. What is w(-5)?
5
Let f(d) = -18*d**3 + d**2 + 2*d + 1. Let o be 1/(-2) + 1/(-2). Determine f(o).
18
Let o = -4 - -12. Let q be o/(-6)*(-9)/6. Let u(h) = 0*h**2 + 2*h**3 + 0*h - 4*h**2 + 2 + h. Give u(q).
4
Let z(a) = a**3 + 6*a**2 + 5*a + 7.